?
1
Let w(z) = 5*z + 0*z**3 + 12*z**2 - 11*z - 13*z + z**3 + 5. What is the tens digit of w(-13)?
8
What is the hundreds digit of ((-10)/4)/(718677/(-39924) + 18)?
2
Suppose 15*h - 4255 - 1265 = 0. What is the hundreds digit of h?
3
What is the hundreds digit of (-5)/(-1) + 19 + 2165?
1
Let z be 8/8 + 3/(6/4). Suppose -2*b - 4*r = -z*b + 12, -3*b = -3*r - 81. What is the tens digit of b?
3
Suppose k + 0 = 4. Let d(w) be the second derivative of -w**5/20 + w**4/2 - 7*w**3/6 + 5*w**2/2 + w. What is the units digit of d(k)?
9
Suppose -4*b + 3*o = -365, -5*b + 2*o = -o - 454. What is the units digit of b?
9
What is the tens digit of (-1)/(4/(-2296)) + 0?
7
Let g(o) = -68*o**3 - o**2 - o + 1. Let r be g(1). Let t = 16 - 12. What is the units digit of (t/12)/((-1)/r)?
3
Suppose 0 = -32*m + 151 + 553. Suppose -20 = 2*f - 0*f. Let x = m - f. What is the units digit of x?
2
Let u = 43 - 38. Suppose -914 = -4*h - 2*z, 17 - 2 = -u*z. What is the hundreds digit of h?
2
Suppose 27*b + 10*b = 7548. What is the hundreds digit of b?
2
Let d be (-1)/((-142)/(-72) - 2). Let s be -4*3*(-3)/d. Let c = s - -1. What is the units digit of c?
2
Suppose t - 8 = -t. Suppose 319 - 59 = t*n. What is the units digit of n?
5
What is the units digit of 4/6 - (-41416)/93?
6
Suppose 5*m = 2*o - 2 - 13, -3*m = -2*o + 13. Let v(s) = 2*s**2 + 4*s**2 + 0*s**2 - 5 - s**3 + 7*s. What is the tens digit of v(o)?
5
Let z = 723 + -68. What is the tens digit of z?
5
Suppose 4*d = 6 - 2. Suppose -r - d = -30. What is the tens digit of r?
2
Let p(m) = 2*m**3 - 4*m**2 + m - 4. Suppose 3*b + 4 = -2*l + b, -13 = 4*l + 5*b. What is the tens digit of p(l)?
1
Let r = -26 - -40. Suppose -4*v = -r - 18. Suppose -v*u = -2*u - 168. What is the tens digit of u?
2
Suppose -4*j + 4 = -4. Suppose 0 = m - j. What is the units digit of 3/((-2)/(m*-4))?
2
Let u(o) = -o**3 + 9*o**2 + 5*o + 18. What is the units digit of u(-8)?
6
Suppose 24*g - 33*g = -2403. What is the units digit of g?
7
Let h(b) be the third derivative of b**4/24 + 7*b**3/3 + 3*b**2. Suppose 3*c + 15 = -18. What is the units digit of h(c)?
3
Let i(y) = y**3 + y**2 + y + 1. Let c(k) = -4*k**3 + 5*k**2 + 3*k - 3. Let t(p) = c(p) + 3*i(p). What is the tens digit of t(7)?
9
Let c = -30 - -37. Suppose c*f - 32 = 3*f. Suppose 10 - f = 2*k. What is the units digit of k?
1
Let o(g) = -g**3 + 7*g**2 + 6*g + 19. Let q be o(8). Suppose q*f = 4*r - f - 144, -f + 134 = 4*r. What is the tens digit of r?
3
Suppose 0 = 5*m - 2*v - 5710, -19*v = 5*m - 14*v - 5745. What is the units digit of m?
4
Suppose 2 = 2*l, 1239 = 5*q + 2*l - 1323. Suppose 5*t - q = 3*d - 176, -d - 66 = -t. What is the tens digit of t?
6
Let w = 189 + 699. What is the hundreds digit of w?
8
Suppose 0 = -5*m + 23 + 2. Let l(j) = 3*j**2 + j - 12. What is the units digit of l(m)?
8
What is the tens digit of 4*(1773/12 - (-7 + 5))?
9
What is the tens digit of (-1)/(48048/(-9608) - -5)?
0
Suppose -3*l - l = -8, 3*l - 18 = -4*b. What is the tens digit of (-10)/(-15) + (1299/9 - b)?
4
Let d(i) = -89*i + 533. What is the hundreds digit of d(-16)?
9
Suppose 0 = 5*b - 10, -2*b = -3*w + 4*w - 10. Suppose -220 = -w*x + 2*x. What is the units digit of x?
5
Suppose 4*i - 24 = -5*a - 4, -5 = -i - 5*a. Suppose 0 = -i*u - u + 114. What is the tens digit of u?
1
Let u(i) = -i**3 - 11*i**2 + 8*i + 42. Suppose -15 = -5*d + 4*g - 67, 2*d + 30 = -3*g. What is the tens digit of u(d)?
9
Let m(b) = b**2 - b - 4. Let t(j) = j**2 + 15*j + 19. Let i be t(-14). Let x be m(i). Suppose 0 = -u + 3*p + 27, 3*p + p + x = 0. What is the units digit of u?
5
Let r(v) = -2*v - 43. Let q be r(-19). What is the units digit of (-45)/(1*(4 + q))?
5
Let u(v) = -v**3 - 10*v**2 + 37*v - 46. What is the thousands digit of u(-20)?
3
Let t = -6 + 3. Let u(k) = -5*k + 16. What is the units digit of u(t)?
1
What is the units digit of 8/(-10) - 19344/(-30)?
4
Let z be 3/(-9) - 112/(-12). Let x be z/1 + -6 + 3. What is the units digit of (-200)/(-12) + 2/x?
7
Suppose 7*p + 2*s = 4*p + 2414, p - 798 = -4*s. What is the tens digit of p?
0
Suppose 3*h = -3*w + 213, -2*h + 2*w + 93 = -57. Let x be 8/(-52) - (-84)/39. Suppose -x*j - 27 = -h. What is the tens digit of j?
2
Let o(p) = p**2 - p + 2. Let w(j) = -j - 8. Let h be w(-10). Let k be o(h). Suppose -10 = -i - k*i. What is the units digit of i?
2
Let s(o) = -2*o + 15. Let n = 4 + 21. Let t be (-385)/n - 2/(-5). What is the tens digit of s(t)?
4
Suppose -j - 8331 = -4*j - 4*a, -2*j + a + 5543 = 0. What is the thousands digit of j?
2
Suppose 5*j - 8275 = -5*m - 1520, -j + m + 1361 = 0. What is the units digit of j?
6
Suppose 0*r - 4*r + 124 = 0. Let g = -5 - 10. Let w = r + g. What is the units digit of w?
6
Suppose -66*d + 63*d + 4*i = -2948, -2*i + 3894 = 4*d. What is the units digit of d?
6
Suppose 20727 = -80*d + 89*d. What is the tens digit of d?
0
Suppose 3*u = -0*r - 2*r - 1, -4*u - r + 7 = 0. Suppose 134 = 2*z + 3*m - 14, -m - 244 = -u*z. What is the units digit of z?
0
Let m(a) = -a + 1. Let w be m(1). Suppose w*g - 6*g = 24. What is the units digit of (-68)/(4/g - 1)?
4
Let o be 7/(1*1/(-3)). Let g = -23 - 19. Let z = o - g. What is the units digit of z?
1
Let h = -78 - -132. Suppose -5*o + 173 = t - 167, h = o + 3*t. What is the units digit of o?
9
Suppose 12118 = 11*n - 7638. What is the units digit of n?
6
Suppose -131960 + 26272 = -44*a. What is the tens digit of a?
0
Suppose -49*d + 50*d = 77. Suppose 70 + d = 7*v. What is the tens digit of v?
2
Suppose -2*t + 5*b = 543, 1146 = -4*t - 6*b + 4*b. Let v = -197 - t. What is the units digit of v?
7
Let o(y) be the first derivative of y**3/3 - 2*y**2 - 8*y + 8. Let i be o(6). Suppose i*c = 3*u + 63 - 174, 5*u + c = 162. What is the tens digit of u?
3
Let q = -8 - -50. Let l = -14 + q. What is the tens digit of l?
2
Let p(d) = 0*d**2 - 2*d**2 + 19*d**2. Suppose -5*z = 3*k + 7, 4*z = 3*k - 17 + 6. What is the units digit of p(k)?
7
Let g(s) = s**2 - 7*s - 13. Let u be g(9). Suppose 3*o - 4*x = 26, -6*x - 5 = u*o - 3*x. What is the units digit of o?
2
Let f be 6 - ((2 - 1) + 1). Suppose 8 = c + 2*c + f*n, -10 = -3*c - 2*n. Suppose o + 2*p - 4 = 0, 2*p - c*p = -2. What is the units digit of o?
2
Let i(u) = -u**2 - 12*u - 9. Let d be i(-11). Suppose 0*k - 8 = -d*k. Suppose 5*g - 1 = -3*r - 0, 0 = 5*r + k*g - 19. What is the units digit of r?
7
Let t = -5 + 8. Suppose 0 = -t*f - 2*f. Suppose f = -9*m + 10*m - 19. What is the units digit of m?
9
Suppose 46 = 5*n + 2*l - 0*l, 5*n - 4*l - 28 = 0. Suppose -f = 2*d - n, -4*d + 5*f + 35 = d. What is the units digit of d?
5
Suppose 4648 = 19*q - 12*q. What is the tens digit of q?
6
Suppose 46*m - 297027 = -35*m. What is the thousands digit of m?
3
Let c(l) be the first derivative of 4*l**3 + 7*l**2/2 + 15*l - 29. What is the tens digit of c(-4)?
7
Suppose 17 = 5*s - 3. Let k be 0 + 3*s/3. Suppose 5*t = -0*q + q - 32, -k*q + 104 = 4*t. What is the units digit of q?
7
Suppose 2*d = 5*f - 10, -2 = -3*f - 14. What is the units digit of (-3)/(-2)*(-830)/d?
3
Let u(a) = -a + 11. Let h be u(5). Let g(f) = 24*f - 4. What is the units digit of g(h)?
0
Let h be (3 - -239)*(-4)/(-2) - 1. Suppose 18 - h = -5*t. What is the tens digit of t?
9
Let n(t) = -5*t - 40. Let b be n(-9). Suppose b*w = -3*k + w + 444, -2*w = 4*k - 602. What is the units digit of k?
2
Suppose -30*d = -79990 + 17950. What is the thousands digit of d?
2
Suppose 5*k - 5 = -5*a, -3*a - a - 11 = -k. Let p be (-8)/(-4) - (a + -19). Let i = p + -21. What is the units digit of i?
2
Suppose 0 = 4*l + 16 + 4, -4*l + 2612 = 4*r. What is the hundreds digit of r?
6
Suppose -s = -0*s - 66. Suppose 7*x - s = 67. What is the units digit of x?
9
Let n(w) = -w**3 - 20*w**2 + 22*w + 22. Let s be n(-21). What is the units digit of 2 - (1/s)/((-1)/61)?
3
Let z(n) = n**3 + 11*n**2 - 12*n - 1. Let t be z(-12). Suppose -2*w = 1 - 3. What is the units digit of (2 - t)*w + -1?
2
Let w be -55 - ((0 - 4) + 2). Let n = w - -86. What is the units digit of n?
3
Let a = 714 + -537. What is the tens digit of a?
7
Suppose 2*u + 4*y = 2982, 5*y + 563 = 5*u - 6862. What is the units digit of u?
7
Let i be (10/(-20))/((-2)/12). Suppose 5*b - i*b + 52 = 2*w, 28 = w - 2*b. What is the tens digit of w?
2
Let g(b) = b**3 - 8*b**2 - 2*b + 12. Let z be g(8). Let r 